{"id":36,"date":"2009-03-31T00:30:06","date_gmt":"2009-03-30T23:30:06","guid":{"rendered":"http:\/\/www.taus-pirineus.com\/?page_id=36"},"modified":"2010-10-28T17:16:44","modified_gmt":"2010-10-28T16:16:44","slug":"poble-de-taus","status":"publish","type":"page","link":"http:\/\/www.taus-pirineus.com\/?page_id=36","title":{"rendered":"Poble de Ta\u00fas"},"content":{"rendered":"<p>Poble: Ta\u00fas<br \/>\n<img loading=\"lazy\" class=\"alignright size-full wp-image-25\" title=\"pg000_1_00\" src=\"http:\/\/www.taus-pirineus.com\/wp-content\/uploads\/2009\/03\/pg000_1_00.jpg\" alt=\"pg000_1_00\" width=\"280\" height=\"210\" \/><br \/>\nMunicipi: Valls d\u00b4Aguilar<\/p>\n<p>Comarca: Alt  Urgell.<\/p>\n<p>Prov\u00edncia: Lleida<\/p>\n<p>Comunitat Aut\u00f2noma: Catalunya<\/p>\n<p><img loading=\"lazy\" class=\"alignleft size-full wp-image-29\" title=\"pg000_1_01\" src=\"http:\/\/www.taus-pirineus.com\/wp-content\/uploads\/2009\/03\/pg000_1_01.jpg\" alt=\"pg000_1_01\" width=\"280\" height=\"210\" \/> Altitut: 1.462 M.<\/p>\n<p>Habitants: 40<\/p>\n<p>Dist\u00e0ncies:<\/p>\n<p>La Gu\u00e0rdia  d\u00b4Ares 4,8 Km.<\/p>\n<p>Noves de Segre 26 km<\/p>\n<p>La Seu d\u00b4Urgell:  42 km<\/p>\n<p>Andorra 52 Km<\/p>\n","protected":false},"excerpt":{"rendered":"<p>Poble: Ta\u00fas Municipi: Valls d\u00b4Aguilar Comarca: Alt Urgell. Prov\u00edncia: Lleida Comunitat Aut\u00f2noma: Catalunya Altitut: 1.462 M. Habitants: 40 Dist\u00e0ncies: La Gu\u00e0rdia d\u00b4Ares 4,8 Km. Noves de Segre 26 km La Seu d\u00b4Urgell: 42 km Andorra 52 Km<\/p>\n","protected":false},"author":1,"featured_media":0,"parent":0,"menu_order":0,"comment_status":"open","ping_status":"open","template":"","meta":{"ngg_post_thumbnail":0},"_links":{"self":[{"href":"http:\/\/www.taus-pirineus.com\/index.php?rest_route=\/wp\/v2\/pages\/36"}],"collection":[{"href":"http:\/\/www.taus-pirineus.com\/index.php?rest_route=\/wp\/v2\/pages"}],"about":[{"href":"http:\/\/www.taus-pirineus.com\/index.php?rest_route=\/wp\/v2\/types\/page"}],"author":[{"embeddable":true,"href":"http:\/\/www.taus-pirineus.com\/index.php?rest_route=\/wp\/v2\/users\/1"}],"replies":[{"embeddable":true,"href":"http:\/\/www.taus-pirineus.com\/index.php?rest_route=%2Fwp%2Fv2%2Fcomments&post=36"}],"version-history":[{"count":4,"href":"http:\/\/www.taus-pirineus.com\/index.php?rest_route=\/wp\/v2\/pages\/36\/revisions"}],"predecessor-version":[{"id":429,"href":"http:\/\/www.taus-pirineus.com\/index.php?rest_route=\/wp\/v2\/pages\/36\/revisions\/429"}],"wp:attachment":[{"href":"http:\/\/www.taus-pirineus.com\/index.php?rest_route=%2Fwp%2Fv2%2Fmedia&parent=36"}],"curies":[{"name":"wp","href":"https:\/\/api.w.org\/{rel}","templated":true}]}}